{"id":59,"date":"2018-04-09T19:07:58","date_gmt":"2018-04-09T17:07:58","guid":{"rendered":"http:\/\/medecine-philosophie.com\/?page_id=59"},"modified":"2024-01-25T12:44:34","modified_gmt":"2024-01-25T11:44:34","slug":"diffusion-et-debats","status":"publish","type":"page","link":"https:\/\/medecine-philosophie.com\/index.php\/accueil\/diffusion-et-debats\/","title":{"rendered":"Diffusion et d\u00e9bats"},"content":{"rendered":"<h4><span class=\"spe_titre\">Diffusion et d\u00e9bats<\/span><\/h4>\n<p style=\"text-align: justify;\">Dans l\u2019optique de favoriser la discussion autour des publications, et afin de retrouver une pratique instructive et vivante de l\u2019\u00e9pist\u00e9mologie, la revue M\u00e9decine et Philosophie propose diff\u00e9rents espaces de conversation et d\u00e9bats. Le forum du site permet ainsi l\u2019ouverture du dialogue. Les r\u00e9actions et avis peuvent constituer un terreau fertile au d\u00e9veloppement ult\u00e9rieur de critiques et d\u2019articles.<\/p>\n<p style=\"text-align: justify;\"><!--a href=\"https:\/\/medecine-philosophie.com\/index.php\/accueil\/transdisciplinarite\/\"--><a href=\"https:\/\/medecine-philosophie.com\/index.php\/accueil\/transdisciplinarite\/\">Tout l&rsquo;enjeu de la revue est en effet de favoriser l&rsquo;interdisciplinarit\u00e9<span class=\"spe_titre\"> &#8230;<\/span><\/a><\/p>\n","protected":false},"excerpt":{"rendered":"<p>Diffusion et d\u00e9bats Dans l\u2019optique de favoriser la discussion autour des publications, et afin de retrouver une pratique instructive et vivante de l\u2019\u00e9pist\u00e9mologie, la revue M\u00e9decine et Philosophie propose diff\u00e9rents espaces de conversation et d\u00e9bats. Le forum du site permet<\/p>\n","protected":false},"author":1,"featured_media":0,"parent":7,"menu_order":3,"comment_status":"closed","ping_status":"closed","template":"","meta":[],"acf":[],"yoast_head":"<!-- This site is optimized with the Yoast SEO plugin v15.9.2 - https:\/\/yoast.com\/wordpress\/plugins\/seo\/ -->\n<title>Diffusion et d\u00e9bats - Revue M\u00e9decine et Philosophie<\/title>\n<meta name=\"robots\" content=\"index, follow, max-snippet:-1, max-image-preview:large, max-video-preview:-1\" \/>\n<link rel=\"canonical\" href=\"https:\/\/medecine-philosophie.com\/index.php\/accueil\/diffusion-et-debats\/\" \/>\n<meta property=\"og:locale\" content=\"fr_FR\" \/>\n<meta property=\"og:type\" content=\"article\" \/>\n<meta property=\"og:title\" content=\"Diffusion et d\u00e9bats - Revue M\u00e9decine et Philosophie\" \/>\n<meta property=\"og:description\" content=\"Diffusion et d\u00e9bats Dans l\u2019optique de favoriser la discussion autour des publications, et afin de retrouver une pratique instructive et vivante de l\u2019\u00e9pist\u00e9mologie, la revue M\u00e9decine et Philosophie propose diff\u00e9rents espaces de conversation et d\u00e9bats. Le forum du site permet\" \/>\n<meta property=\"og:url\" content=\"https:\/\/medecine-philosophie.com\/index.php\/accueil\/diffusion-et-debats\/\" \/>\n<meta property=\"og:site_name\" content=\"Revue M\u00e9decine et Philosophie\" \/>\n<meta property=\"article:publisher\" content=\"https:\/\/www.facebook.com\/Revue-M%c3%a9decine-et-Philosophie-1057556234396943\/\" \/>\n<meta property=\"article:modified_time\" content=\"2024-01-25T11:44:34+00:00\" \/>\n<meta name=\"twitter:card\" content=\"summary_large_image\" \/>\n<meta name=\"twitter:label1\" content=\"Dur\u00e9e de lecture est.\">\n\t<meta name=\"twitter:data1\" content=\"1 minute\">\n<script type=\"application\/ld+json\" class=\"yoast-schema-graph\">{\"@context\":\"https:\/\/schema.org\",\"@graph\":[{\"@type\":\"Organization\",\"@id\":\"https:\/\/medecine-philosophie.com\/#organization\",\"name\":\"Revue M\\u00e9decine et Philosophie\",\"url\":\"https:\/\/medecine-philosophie.com\/\",\"sameAs\":[\"https:\/\/www.facebook.com\/Revue-M\\u00e9decine-et-Philosophie-1057556234396943\/\"],\"logo\":{\"@type\":\"ImageObject\",\"@id\":\"https:\/\/medecine-philosophie.com\/#logo\",\"inLanguage\":\"fr-FR\",\"url\":\"https:\/\/medecine-philosophie.com\/wp-content\/uploads\/2018\/04\/Revue-de-m\\u00e9decine-et-philosophie-pdf.jpg\",\"caption\":\"Revue M\\u00e9decine et Philosophie\"},\"image\":{\"@id\":\"https:\/\/medecine-philosophie.com\/#logo\"}},{\"@type\":\"WebSite\",\"@id\":\"https:\/\/medecine-philosophie.com\/#website\",\"url\":\"https:\/\/medecine-philosophie.com\/\",\"name\":\"Revue M\\u00e9decine et Philosophie\",\"description\":\"Revue interdisciplinaire\",\"publisher\":{\"@id\":\"https:\/\/medecine-philosophie.com\/#organization\"},\"potentialAction\":[{\"@type\":\"SearchAction\",\"target\":\"https:\/\/medecine-philosophie.com\/?s={search_term_string}\",\"query-input\":\"required name=search_term_string\"}],\"inLanguage\":\"fr-FR\"},{\"@type\":\"WebPage\",\"@id\":\"https:\/\/medecine-philosophie.com\/index.php\/accueil\/diffusion-et-debats\/#webpage\",\"url\":\"https:\/\/medecine-philosophie.com\/index.php\/accueil\/diffusion-et-debats\/\",\"name\":\"Diffusion et d\\u00e9bats - Revue M\\u00e9decine et Philosophie\",\"isPartOf\":{\"@id\":\"https:\/\/medecine-philosophie.com\/#website\"},\"datePublished\":\"2018-04-09T17:07:58+00:00\",\"dateModified\":\"2024-01-25T11:44:34+00:00\",\"breadcrumb\":{\"@id\":\"https:\/\/medecine-philosophie.com\/index.php\/accueil\/diffusion-et-debats\/#breadcrumb\"},\"inLanguage\":\"fr-FR\",\"potentialAction\":[{\"@type\":\"ReadAction\",\"target\":[\"https:\/\/medecine-philosophie.com\/index.php\/accueil\/diffusion-et-debats\/\"]}]},{\"@type\":\"BreadcrumbList\",\"@id\":\"https:\/\/medecine-philosophie.com\/index.php\/accueil\/diffusion-et-debats\/#breadcrumb\",\"itemListElement\":[{\"@type\":\"ListItem\",\"position\":1,\"item\":{\"@type\":\"WebPage\",\"@id\":\"https:\/\/medecine-philosophie.com\/\",\"url\":\"https:\/\/medecine-philosophie.com\/\",\"name\":\"Accueil\"}},{\"@type\":\"ListItem\",\"position\":2,\"item\":{\"@type\":\"WebPage\",\"@id\":\"https:\/\/medecine-philosophie.com\/\",\"url\":\"https:\/\/medecine-philosophie.com\/\",\"name\":\"Accueil\"}},{\"@type\":\"ListItem\",\"position\":3,\"item\":{\"@type\":\"WebPage\",\"@id\":\"https:\/\/medecine-philosophie.com\/index.php\/accueil\/diffusion-et-debats\/\",\"url\":\"https:\/\/medecine-philosophie.com\/index.php\/accueil\/diffusion-et-debats\/\",\"name\":\"Diffusion et d\\u00e9bats\"}}]}]}<\/script>\n<!-- \/ Yoast SEO plugin. -->","_links":{"self":[{"href":"https:\/\/medecine-philosophie.com\/index.php\/wp-json\/wp\/v2\/pages\/59"}],"collection":[{"href":"https:\/\/medecine-philosophie.com\/index.php\/wp-json\/wp\/v2\/pages"}],"about":[{"href":"https:\/\/medecine-philosophie.com\/index.php\/wp-json\/wp\/v2\/types\/page"}],"author":[{"embeddable":true,"href":"https:\/\/medecine-philosophie.com\/index.php\/wp-json\/wp\/v2\/users\/1"}],"replies":[{"embeddable":true,"href":"https:\/\/medecine-philosophie.com\/index.php\/wp-json\/wp\/v2\/comments?post=59"}],"version-history":[{"count":4,"href":"https:\/\/medecine-philosophie.com\/index.php\/wp-json\/wp\/v2\/pages\/59\/revisions"}],"predecessor-version":[{"id":1551,"href":"https:\/\/medecine-philosophie.com\/index.php\/wp-json\/wp\/v2\/pages\/59\/revisions\/1551"}],"up":[{"embeddable":true,"href":"https:\/\/medecine-philosophie.com\/index.php\/wp-json\/wp\/v2\/pages\/7"}],"wp:attachment":[{"href":"https:\/\/medecine-philosophie.com\/index.php\/wp-json\/wp\/v2\/media?parent=59"}],"curies":[{"name":"wp","href":"https:\/\/api.w.org\/{rel}","templated":true}]}}