{"id":61,"date":"2018-04-09T19:08:31","date_gmt":"2018-04-09T17:08:31","guid":{"rendered":"http:\/\/medecine-philosophie.com\/?page_id=61"},"modified":"2021-02-10T16:58:19","modified_gmt":"2021-02-10T15:58:19","slug":"transdisciplinarite","status":"publish","type":"page","link":"https:\/\/medecine-philosophie.com\/index.php\/accueil\/transdisciplinarite\/","title":{"rendered":"Transdisciplinarit\u00e9 et programme de publication"},"content":{"rendered":"<h4 style=\"text-align: justify;\"><span class=\"spe_titre\">Transdisciplinarit\u00e9<\/span><\/h4>\n<p style=\"text-align: justify;\"><span>La Revue M\u00e9decine et Philosophie est plus qu\u2019une plate-forme d\u2019\u00e9changes in\u00e9dite et interactive&nbsp;: elle est un atelier de cr\u00e9ation dans lequel les interstices de la science se rejoignent.<\/span><\/p>\n<p style=\"text-align: justify;\"><span>Forte de sa ligne \u00e9ditoriale ouverte \u00e0 tout sujet m\u00e9dical, la revue sait \u00e9voluer au fil des r\u00e9flexions vers des r\u00e9gions qui enrichissent la philosophie comme la m\u00e9decine.<\/span><\/p>\n<p style=\"text-align: justify;\"><span><a href=\"https:\/\/medecine-philosophie.com\/index.php\/parutions\/\">D\u00e9couvrez les articles de la revue.<\/a><\/span><\/p>\n","protected":false},"excerpt":{"rendered":"<p>Transdisciplinarit\u00e9 La Revue M\u00e9decine et Philosophie est plus qu\u2019une plate-forme d\u2019\u00e9changes in\u00e9dite et interactive&nbsp;: elle est un atelier de cr\u00e9ation dans lequel les interstices de la science se rejoignent. Forte de sa ligne \u00e9ditoriale ouverte \u00e0 tout sujet m\u00e9dical, la<\/p>\n","protected":false},"author":1,"featured_media":0,"parent":7,"menu_order":4,"comment_status":"closed","ping_status":"closed","template":"","meta":[],"acf":[],"yoast_head":"<!-- This site is optimized with the Yoast SEO plugin v15.9.2 - https:\/\/yoast.com\/wordpress\/plugins\/seo\/ -->\n<title>Transdisciplinarit\u00e9 et programme de publication - Revue M\u00e9decine et Philosophie<\/title>\n<meta name=\"robots\" content=\"index, follow, max-snippet:-1, max-image-preview:large, max-video-preview:-1\" \/>\n<link rel=\"canonical\" href=\"https:\/\/medecine-philosophie.com\/index.php\/accueil\/transdisciplinarite\/\" \/>\n<meta property=\"og:locale\" content=\"fr_FR\" \/>\n<meta property=\"og:type\" content=\"article\" \/>\n<meta property=\"og:title\" content=\"Transdisciplinarit\u00e9 et programme de publication - Revue M\u00e9decine et Philosophie\" \/>\n<meta property=\"og:description\" content=\"Transdisciplinarit\u00e9 La Revue M\u00e9decine et Philosophie est plus qu\u2019une plate-forme d\u2019\u00e9changes in\u00e9dite et interactive&nbsp;: elle est un atelier de cr\u00e9ation dans lequel les interstices de la science se rejoignent. Forte de sa ligne \u00e9ditoriale ouverte \u00e0 tout sujet m\u00e9dical, la\" \/>\n<meta property=\"og:url\" content=\"https:\/\/medecine-philosophie.com\/index.php\/accueil\/transdisciplinarite\/\" \/>\n<meta property=\"og:site_name\" content=\"Revue M\u00e9decine et Philosophie\" \/>\n<meta property=\"article:publisher\" content=\"https:\/\/www.facebook.com\/Revue-M%c3%a9decine-et-Philosophie-1057556234396943\/\" \/>\n<meta property=\"article:modified_time\" content=\"2021-02-10T15:58:19+00:00\" \/>\n<meta name=\"twitter:card\" content=\"summary_large_image\" \/>\n<meta name=\"twitter:label1\" content=\"Dur\u00e9e de lecture est.\">\n\t<meta name=\"twitter:data1\" content=\"1 minute\">\n<script type=\"application\/ld+json\" class=\"yoast-schema-graph\">{\"@context\":\"https:\/\/schema.org\",\"@graph\":[{\"@type\":\"Organization\",\"@id\":\"https:\/\/medecine-philosophie.com\/#organization\",\"name\":\"Revue M\\u00e9decine et Philosophie\",\"url\":\"https:\/\/medecine-philosophie.com\/\",\"sameAs\":[\"https:\/\/www.facebook.com\/Revue-M\\u00e9decine-et-Philosophie-1057556234396943\/\"],\"logo\":{\"@type\":\"ImageObject\",\"@id\":\"https:\/\/medecine-philosophie.com\/#logo\",\"inLanguage\":\"fr-FR\",\"url\":\"https:\/\/medecine-philosophie.com\/wp-content\/uploads\/2018\/04\/Revue-de-m\\u00e9decine-et-philosophie-pdf.jpg\",\"caption\":\"Revue M\\u00e9decine et Philosophie\"},\"image\":{\"@id\":\"https:\/\/medecine-philosophie.com\/#logo\"}},{\"@type\":\"WebSite\",\"@id\":\"https:\/\/medecine-philosophie.com\/#website\",\"url\":\"https:\/\/medecine-philosophie.com\/\",\"name\":\"Revue M\\u00e9decine et Philosophie\",\"description\":\"Revue interdisciplinaire\",\"publisher\":{\"@id\":\"https:\/\/medecine-philosophie.com\/#organization\"},\"potentialAction\":[{\"@type\":\"SearchAction\",\"target\":\"https:\/\/medecine-philosophie.com\/?s={search_term_string}\",\"query-input\":\"required name=search_term_string\"}],\"inLanguage\":\"fr-FR\"},{\"@type\":\"WebPage\",\"@id\":\"https:\/\/medecine-philosophie.com\/index.php\/accueil\/transdisciplinarite\/#webpage\",\"url\":\"https:\/\/medecine-philosophie.com\/index.php\/accueil\/transdisciplinarite\/\",\"name\":\"Transdisciplinarit\\u00e9 et programme de publication - Revue M\\u00e9decine et Philosophie\",\"isPartOf\":{\"@id\":\"https:\/\/medecine-philosophie.com\/#website\"},\"datePublished\":\"2018-04-09T17:08:31+00:00\",\"dateModified\":\"2021-02-10T15:58:19+00:00\",\"breadcrumb\":{\"@id\":\"https:\/\/medecine-philosophie.com\/index.php\/accueil\/transdisciplinarite\/#breadcrumb\"},\"inLanguage\":\"fr-FR\",\"potentialAction\":[{\"@type\":\"ReadAction\",\"target\":[\"https:\/\/medecine-philosophie.com\/index.php\/accueil\/transdisciplinarite\/\"]}]},{\"@type\":\"BreadcrumbList\",\"@id\":\"https:\/\/medecine-philosophie.com\/index.php\/accueil\/transdisciplinarite\/#breadcrumb\",\"itemListElement\":[{\"@type\":\"ListItem\",\"position\":1,\"item\":{\"@type\":\"WebPage\",\"@id\":\"https:\/\/medecine-philosophie.com\/\",\"url\":\"https:\/\/medecine-philosophie.com\/\",\"name\":\"Accueil\"}},{\"@type\":\"ListItem\",\"position\":2,\"item\":{\"@type\":\"WebPage\",\"@id\":\"https:\/\/medecine-philosophie.com\/\",\"url\":\"https:\/\/medecine-philosophie.com\/\",\"name\":\"Accueil\"}},{\"@type\":\"ListItem\",\"position\":3,\"item\":{\"@type\":\"WebPage\",\"@id\":\"https:\/\/medecine-philosophie.com\/index.php\/accueil\/transdisciplinarite\/\",\"url\":\"https:\/\/medecine-philosophie.com\/index.php\/accueil\/transdisciplinarite\/\",\"name\":\"Transdisciplinarit\\u00e9 et programme de publication\"}}]}]}<\/script>\n<!-- \/ Yoast SEO plugin. -->","_links":{"self":[{"href":"https:\/\/medecine-philosophie.com\/index.php\/wp-json\/wp\/v2\/pages\/61"}],"collection":[{"href":"https:\/\/medecine-philosophie.com\/index.php\/wp-json\/wp\/v2\/pages"}],"about":[{"href":"https:\/\/medecine-philosophie.com\/index.php\/wp-json\/wp\/v2\/types\/page"}],"author":[{"embeddable":true,"href":"https:\/\/medecine-philosophie.com\/index.php\/wp-json\/wp\/v2\/users\/1"}],"replies":[{"embeddable":true,"href":"https:\/\/medecine-philosophie.com\/index.php\/wp-json\/wp\/v2\/comments?post=61"}],"version-history":[{"count":4,"href":"https:\/\/medecine-philosophie.com\/index.php\/wp-json\/wp\/v2\/pages\/61\/revisions"}],"predecessor-version":[{"id":1165,"href":"https:\/\/medecine-philosophie.com\/index.php\/wp-json\/wp\/v2\/pages\/61\/revisions\/1165"}],"up":[{"embeddable":true,"href":"https:\/\/medecine-philosophie.com\/index.php\/wp-json\/wp\/v2\/pages\/7"}],"wp:attachment":[{"href":"https:\/\/medecine-philosophie.com\/index.php\/wp-json\/wp\/v2\/media?parent=61"}],"curies":[{"name":"wp","href":"https:\/\/api.w.org\/{rel}","templated":true}]}}