{"id":7,"date":"2018-04-08T13:54:48","date_gmt":"2018-04-08T11:54:48","guid":{"rendered":"http:\/\/medecine-philosophie.com\/?page_id=7"},"modified":"2025-01-05T11:46:05","modified_gmt":"2025-01-05T10:46:05","slug":"accueil","status":"publish","type":"page","link":"https:\/\/medecine-philosophie.com\/","title":{"rendered":"Accueil"},"content":{"rendered":"<h3>Pr\u00e9sentation<\/h3>\n<p style=\"text-align: justify;\">La revue M\u00e9decine et Philosophie (ISSN : 2650-5614 ; eISSN : 1645-6638) est une revue \u00e0 comit\u00e9 de lecture qui para\u00eet sous format \u00e9lectronique chaque semestre depuis 2018. Elle est en acc\u00e8s libre en ligne.<\/p>\n<p>Elle est d\u00e9sormais h\u00e9berg\u00e9e sur<strong> Cairn<\/strong> : https:\/\/stm.cairn.info\/revue-medecine-et-philosophie?lang=fr&amp;tab=apercu.\u00a0<\/p>\n<p style=\"text-align: justify;\">La revue est r\u00e9f\u00e9renc\u00e9e \u00e0 la BNF et a re\u00e7u le <strong>label DOAJ<\/strong> (gage de qualit\u00e9 des revues en Open Access). Enfin, elle respecte les <strong>crit\u00e8res d&rsquo;exemplarit\u00e9 du Plan National pour la Science Ouverte<\/strong>.<\/p>\n<p style=\"text-align: justify;\">L&rsquo;Institut d&rsquo;Histoire et de Philosophie des Sciences et des Techniques (<strong>IHPST<\/strong>) ainsi que le laboratoire Sciences, Soci\u00e9t\u00e9, Historicit\u00e9, \u00c9ducation et Pratiques (<strong>S2HEP<\/strong>) soutiennent moralement la revue.<\/p>\n<p style=\"text-align: justify;\">La revue M\u00e9decine et Philosophie collabore avec la revue <em>Philosophy of Medicine <\/em>: https:\/\/philmed.pitt.edu\/philmed.<\/p>\n<p>La revue a \u00e9t\u00e9 soutenue par la <strong>Fondation Apr\u00e8s-Tout <\/strong>(https:\/\/apres-tout.fr\/), qui soutient les initiatives humanistes sous l&rsquo;\u00e9gide de la Fondation de France.<\/p>\n<p style=\"text-align: justify;\">Son projet \u00e9ditorial est unique : tenue par des m\u00e9decins form\u00e9s en \u00e9pist\u00e9mologie et en sciences humaines, elle s\u2019attache \u00e0 red\u00e9finir le cadre de pathologies qui font l\u2019objet de pol\u00e9miques diverses, en les repla\u00e7ant dans un contexte transdisciplinaire.<\/p>\n<p style=\"text-align: justify;\">Ainsi, tout l\u2019enjeu de cette revue est de proposer une vision novatrice, portant sur des concepts m\u00e9dicaux observ\u00e9s \u00e0 travers diff\u00e9rents prismes, dans le but de r\u00e9pondre \u00e0 un d\u00e9sir d\u2019ouverture au monde contemporain.<\/p>\n<p style=\"text-align: justify;\">\u00a0<\/p>\n<p style=\"text-align: justify;\"><!--a href=\"https:\/\/medecine-philosophie.com\/index.php\/accueil\/ligne-editoriale\/\">En voici la ligne \u00e9ditoriale<\/a--><\/p>\n<div class=\"n2_ss_slider_publish__option_code\" dir=\"ltr\" data-mode=\"id\"><\/div>\n<p style=\"text-align: justify;\"><span style=\"color: #ffff00; font-family: 'times new roman', times, serif;\">.<\/span><\/p>\n\n\n<p><strong>Les 9 premiers num\u00e9ros sont parus sous format papier et sous format \u00e9lectronique, disponibles dans les biblioth\u00e8ques universitaires. Les num\u00e9ros suivants ne para\u00eetront que sous format \u00e9lectronique.<\/strong><\/p>\n\n\n\n<p><span style=\"color:#ecdc94\" class=\"tadv-color\">.<\/span><\/p>\n\n\n\n<p><\/p>\n\n\n\n<div class=\"wp-block-image\"><figure class=\"aligncenter size-large is-resized\"><img loading=\"lazy\" src=\"https:\/\/medecine-philosophie.com\/wp-content\/uploads\/2019\/12\/2017-06_07_logoFondationRC-2-1.png\" alt=\"\" class=\"wp-image-519\" width=\"328\" height=\"96\" srcset=\"https:\/\/medecine-philosophie.com\/wp-content\/uploads\/2019\/12\/2017-06_07_logoFondationRC-2-1.png 600w, https:\/\/medecine-philosophie.com\/wp-content\/uploads\/2019\/12\/2017-06_07_logoFondationRC-2-1-300x88.png 300w\" sizes=\"(max-width: 328px) 100vw, 328px\" \/><\/figure><\/div>\n\n\n\n<figure class=\"wp-block-gallery columns-8\"><ul class=\"blocks-gallery-grid\"><li class=\"blocks-gallery-item\"><figure><img loading=\"lazy\" width=\"235\" height=\"215\" src=\"https:\/\/medecine-philosophie.com\/wp-content\/uploads\/2019\/12\/download.png\" alt=\"\" data-id=\"506\" data-link=\"https:\/\/medecine-philosophie.com\/index.php\/accueil\/download\/\" class=\"wp-image-506\"\/><\/figure><\/li><li class=\"blocks-gallery-item\"><figure><img loading=\"lazy\" width=\"1024\" height=\"558\" src=\"https:\/\/medecine-philosophie.com\/wp-content\/uploads\/2019\/12\/Logo-Mirabel-wikipedia-1024x558.png\" alt=\"\" data-id=\"512\" data-link=\"https:\/\/medecine-philosophie.com\/index.php\/accueil\/logo-mirabel-wikipedia\/\" class=\"wp-image-512\" srcset=\"https:\/\/medecine-philosophie.com\/wp-content\/uploads\/2019\/12\/Logo-Mirabel-wikipedia-1024x558.png 1024w, https:\/\/medecine-philosophie.com\/wp-content\/uploads\/2019\/12\/Logo-Mirabel-wikipedia-300x163.png 300w, https:\/\/medecine-philosophie.com\/wp-content\/uploads\/2019\/12\/Logo-Mirabel-wikipedia-768x418.png 768w, https:\/\/medecine-philosophie.com\/wp-content\/uploads\/2019\/12\/Logo-Mirabel-wikipedia-1536x837.png 1536w, https:\/\/medecine-philosophie.com\/wp-content\/uploads\/2019\/12\/Logo-Mirabel-wikipedia.png 1790w\" sizes=\"(max-width: 1024px) 100vw, 1024px\" \/><\/figure><\/li><li class=\"blocks-gallery-item\"><figure><img loading=\"lazy\" width=\"290\" height=\"98\" src=\"https:\/\/medecine-philosophie.com\/wp-content\/uploads\/2019\/12\/lissa_mobile.png\" alt=\"\" data-id=\"508\" data-link=\"https:\/\/medecine-philosophie.com\/index.php\/accueil\/lissa_mobile\/\" class=\"wp-image-508\"\/><\/figure><\/li><li class=\"blocks-gallery-item\"><figure><img loading=\"lazy\" width=\"229\" height=\"229\" src=\"https:\/\/medecine-philosophie.com\/wp-content\/uploads\/2019\/12\/image.png\" alt=\"\" data-id=\"507\" data-link=\"https:\/\/medecine-philosophie.com\/index.php\/accueil\/image\/\" class=\"wp-image-507\" srcset=\"https:\/\/medecine-philosophie.com\/wp-content\/uploads\/2019\/12\/image.png 229w, https:\/\/medecine-philosophie.com\/wp-content\/uploads\/2019\/12\/image-150x150.png 150w\" sizes=\"(max-width: 229px) 100vw, 229px\" \/><\/figure><\/li><li class=\"blocks-gallery-item\"><figure><img loading=\"lazy\" width=\"1024\" height=\"541\" src=\"https:\/\/medecine-philosophie.com\/wp-content\/uploads\/2019\/12\/Logo_BnF.svg_-1024x541.png\" alt=\"\" data-id=\"509\" data-link=\"https:\/\/medecine-philosophie.com\/index.php\/accueil\/logo_bnf-svg_\/\" class=\"wp-image-509\" srcset=\"https:\/\/medecine-philosophie.com\/wp-content\/uploads\/2019\/12\/Logo_BnF.svg_-1024x541.png 1024w, https:\/\/medecine-philosophie.com\/wp-content\/uploads\/2019\/12\/Logo_BnF.svg_-300x159.png 300w, https:\/\/medecine-philosophie.com\/wp-content\/uploads\/2019\/12\/Logo_BnF.svg_-768x406.png 768w, https:\/\/medecine-philosophie.com\/wp-content\/uploads\/2019\/12\/Logo_BnF.svg_.png 1200w\" sizes=\"(max-width: 1024px) 100vw, 1024px\" \/><\/figure><\/li><li class=\"blocks-gallery-item\"><figure><img loading=\"lazy\" width=\"500\" height=\"222\" src=\"https:\/\/medecine-philosophie.com\/wp-content\/uploads\/2019\/12\/logo-ascodoc-BSP-1.png\" alt=\"\" data-id=\"510\" data-link=\"https:\/\/medecine-philosophie.com\/index.php\/accueil\/logo-ascodoc-bsp-1\/\" class=\"wp-image-510\" srcset=\"https:\/\/medecine-philosophie.com\/wp-content\/uploads\/2019\/12\/logo-ascodoc-BSP-1.png 500w, https:\/\/medecine-philosophie.com\/wp-content\/uploads\/2019\/12\/logo-ascodoc-BSP-1-300x133.png 300w\" sizes=\"(max-width: 500px) 100vw, 500px\" \/><\/figure><\/li><li class=\"blocks-gallery-item\"><figure><img loading=\"lazy\" width=\"973\" height=\"822\" src=\"https:\/\/medecine-philosophie.com\/wp-content\/uploads\/2019\/12\/293792da6582165bf9f58028296daf5c_Logo_sudoc-2.png\" alt=\"\" data-id=\"517\" data-full-url=\"https:\/\/medecine-philosophie.com\/wp-content\/uploads\/2019\/12\/293792da6582165bf9f58028296daf5c_Logo_sudoc-2.png\" data-link=\"https:\/\/medecine-philosophie.com\/index.php\/accueil\/293792da6582165bf9f58028296daf5c_logo_sudoc-2\/\" class=\"wp-image-517\" srcset=\"https:\/\/medecine-philosophie.com\/wp-content\/uploads\/2019\/12\/293792da6582165bf9f58028296daf5c_Logo_sudoc-2.png 973w, https:\/\/medecine-philosophie.com\/wp-content\/uploads\/2019\/12\/293792da6582165bf9f58028296daf5c_Logo_sudoc-2-300x253.png 300w, https:\/\/medecine-philosophie.com\/wp-content\/uploads\/2019\/12\/293792da6582165bf9f58028296daf5c_Logo_sudoc-2-768x649.png 768w\" sizes=\"(max-width: 973px) 100vw, 973px\" \/><\/figure><\/li><li class=\"blocks-gallery-item\"><figure><img loading=\"lazy\" width=\"234\" height=\"132\" src=\"https:\/\/medecine-philosophie.com\/wp-content\/uploads\/2019\/12\/Logo-hal.png\" alt=\"\" data-id=\"511\" data-link=\"https:\/\/medecine-philosophie.com\/index.php\/accueil\/logo-hal\/\" class=\"wp-image-511\"\/><\/figure><\/li><\/ul><\/figure>\n\n\n\n<p><strong>Avec le soutien des laboratoires : <\/strong><\/p>\n\n\n\n<div class=\"wp-block-image\"><figure class=\"aligncenter size-large is-resized\"><img loading=\"lazy\" src=\"https:\/\/medecine-philosophie.com\/wp-content\/uploads\/2020\/03\/Capture-d\u2019e\u0301cran-2020-03-09-a\u0300-18.02.13-1.png\" alt=\"\" class=\"wp-image-1106\" width=\"423\" height=\"137\"\/><\/figure><\/div>\n\n\n\n<div class=\"wp-block-image\"><figure class=\"aligncenter size-large is-resized\"><img loading=\"lazy\" src=\"https:\/\/medecine-philosophie.com\/wp-content\/uploads\/2020\/03\/DRM-free-label-dropshadow-125.en_.png\" alt=\"\" class=\"wp-image-764\" width=\"74\" height=\"74\"\/><\/figure><\/div>\n\n\n\n<p><\/p>\n","protected":false},"excerpt":{"rendered":"<p>Pr\u00e9sentation La revue M\u00e9decine et Philosophie (ISSN : 2650-5614 ; eISSN : 1645-6638) est une revue \u00e0 comit\u00e9 de lecture qui para\u00eet sous format \u00e9lectronique chaque semestre depuis 2018. Elle est en acc\u00e8s libre en ligne. Elle est d\u00e9sormais h\u00e9berg\u00e9e<\/p>\n","protected":false},"author":1,"featured_media":0,"parent":0,"menu_order":1,"comment_status":"closed","ping_status":"closed","template":"","meta":[],"acf":[],"yoast_head":"<!-- This site is optimized with the Yoast SEO plugin v15.9.2 - https:\/\/yoast.com\/wordpress\/plugins\/seo\/ -->\n<title>Accueil - Revue M\u00e9decine et Philosophie<\/title>\n<meta name=\"description\" content=\"La revue scientifique M\u00e9decine et Philosophie, en acc\u00e8s libre, au croisement des sciences m\u00e9dicales et des sciences humaines.\" \/>\n<meta name=\"robots\" content=\"index, follow, max-snippet:-1, max-image-preview:large, max-video-preview:-1\" \/>\n<link rel=\"canonical\" href=\"https:\/\/medecine-philosophie.com\/\" \/>\n<meta property=\"og:locale\" content=\"fr_FR\" \/>\n<meta property=\"og:type\" content=\"article\" \/>\n<meta property=\"og:title\" content=\"Accueil - Revue M\u00e9decine et Philosophie\" \/>\n<meta property=\"og:description\" content=\"La revue scientifique M\u00e9decine et Philosophie, en acc\u00e8s libre, au croisement des sciences m\u00e9dicales et des sciences humaines.\" \/>\n<meta property=\"og:url\" content=\"https:\/\/medecine-philosophie.com\/\" \/>\n<meta property=\"og:site_name\" content=\"Revue M\u00e9decine et Philosophie\" \/>\n<meta property=\"article:publisher\" content=\"https:\/\/www.facebook.com\/Revue-M%c3%a9decine-et-Philosophie-1057556234396943\/\" \/>\n<meta property=\"article:modified_time\" content=\"2025-01-05T10:46:05+00:00\" \/>\n<meta property=\"og:image\" content=\"https:\/\/medecine-philosophie.com\/wp-content\/uploads\/2019\/12\/2017-06_07_logoFondationRC-2-1.png\" \/>\n<meta name=\"twitter:card\" content=\"summary_large_image\" \/>\n<meta name=\"twitter:label1\" content=\"Dur\u00e9e de lecture est.\">\n\t<meta name=\"twitter:data1\" content=\"4 minutes\">\n<script type=\"application\/ld+json\" class=\"yoast-schema-graph\">{\"@context\":\"https:\/\/schema.org\",\"@graph\":[{\"@type\":\"Organization\",\"@id\":\"https:\/\/medecine-philosophie.com\/#organization\",\"name\":\"Revue M\\u00e9decine et Philosophie\",\"url\":\"https:\/\/medecine-philosophie.com\/\",\"sameAs\":[\"https:\/\/www.facebook.com\/Revue-M\\u00e9decine-et-Philosophie-1057556234396943\/\"],\"logo\":{\"@type\":\"ImageObject\",\"@id\":\"https:\/\/medecine-philosophie.com\/#logo\",\"inLanguage\":\"fr-FR\",\"url\":\"https:\/\/medecine-philosophie.com\/wp-content\/uploads\/2018\/04\/Revue-de-m\\u00e9decine-et-philosophie-pdf.jpg\",\"caption\":\"Revue M\\u00e9decine et Philosophie\"},\"image\":{\"@id\":\"https:\/\/medecine-philosophie.com\/#logo\"}},{\"@type\":\"WebSite\",\"@id\":\"https:\/\/medecine-philosophie.com\/#website\",\"url\":\"https:\/\/medecine-philosophie.com\/\",\"name\":\"Revue M\\u00e9decine et Philosophie\",\"description\":\"Revue interdisciplinaire\",\"publisher\":{\"@id\":\"https:\/\/medecine-philosophie.com\/#organization\"},\"potentialAction\":[{\"@type\":\"SearchAction\",\"target\":\"https:\/\/medecine-philosophie.com\/?s={search_term_string}\",\"query-input\":\"required name=search_term_string\"}],\"inLanguage\":\"fr-FR\"},{\"@type\":\"ImageObject\",\"@id\":\"https:\/\/medecine-philosophie.com\/#primaryimage\",\"inLanguage\":\"fr-FR\",\"url\":\"https:\/\/medecine-philosophie.com\/wp-content\/uploads\/2019\/12\/2017-06_07_logoFondationRC-2-1.png\",\"width\":600,\"height\":176},{\"@type\":\"WebPage\",\"@id\":\"https:\/\/medecine-philosophie.com\/#webpage\",\"url\":\"https:\/\/medecine-philosophie.com\/\",\"name\":\"Accueil - Revue M\\u00e9decine et Philosophie\",\"isPartOf\":{\"@id\":\"https:\/\/medecine-philosophie.com\/#website\"},\"primaryImageOfPage\":{\"@id\":\"https:\/\/medecine-philosophie.com\/#primaryimage\"},\"datePublished\":\"2018-04-08T11:54:48+00:00\",\"dateModified\":\"2025-01-05T10:46:05+00:00\",\"description\":\"La revue scientifique M\\u00e9decine et Philosophie, en acc\\u00e8s libre, au croisement des sciences m\\u00e9dicales et des sciences humaines.\",\"breadcrumb\":{\"@id\":\"https:\/\/medecine-philosophie.com\/#breadcrumb\"},\"inLanguage\":\"fr-FR\",\"potentialAction\":[{\"@type\":\"ReadAction\",\"target\":[\"https:\/\/medecine-philosophie.com\/\"]}]},{\"@type\":\"BreadcrumbList\",\"@id\":\"https:\/\/medecine-philosophie.com\/#breadcrumb\",\"itemListElement\":[{\"@type\":\"ListItem\",\"position\":1,\"item\":{\"@type\":\"WebPage\",\"@id\":\"https:\/\/medecine-philosophie.com\/\",\"url\":\"https:\/\/medecine-philosophie.com\/\",\"name\":\"Accueil\"}},{\"@type\":\"ListItem\",\"position\":2,\"item\":{\"@type\":\"WebPage\",\"@id\":\"https:\/\/medecine-philosophie.com\/\",\"url\":\"https:\/\/medecine-philosophie.com\/\",\"name\":\"Accueil\"}}]}]}<\/script>\n<!-- \/ Yoast SEO plugin. -->","_links":{"self":[{"href":"https:\/\/medecine-philosophie.com\/index.php\/wp-json\/wp\/v2\/pages\/7"}],"collection":[{"href":"https:\/\/medecine-philosophie.com\/index.php\/wp-json\/wp\/v2\/pages"}],"about":[{"href":"https:\/\/medecine-philosophie.com\/index.php\/wp-json\/wp\/v2\/types\/page"}],"author":[{"embeddable":true,"href":"https:\/\/medecine-philosophie.com\/index.php\/wp-json\/wp\/v2\/users\/1"}],"replies":[{"embeddable":true,"href":"https:\/\/medecine-philosophie.com\/index.php\/wp-json\/wp\/v2\/comments?post=7"}],"version-history":[{"count":29,"href":"https:\/\/medecine-philosophie.com\/index.php\/wp-json\/wp\/v2\/pages\/7\/revisions"}],"predecessor-version":[{"id":1664,"href":"https:\/\/medecine-philosophie.com\/index.php\/wp-json\/wp\/v2\/pages\/7\/revisions\/1664"}],"wp:attachment":[{"href":"https:\/\/medecine-philosophie.com\/index.php\/wp-json\/wp\/v2\/media?parent=7"}],"curies":[{"name":"wp","href":"https:\/\/api.w.org\/{rel}","templated":true}]}}